c90 - -3942?
-2434b
In base 12, what is -197848a - 8?
-1978496
In base 12, what is -13 + 443775a?
4437747
In base 14, what is 821 + -3192?
-2771
In base 16, what is -1662 - -19ae?
34c
In base 6, what is 51413320 + 13?
51413333
In base 5, what is 3340032 + 34101?
3424133
In base 10, what is 11585862 - -2?
11585864
In base 8, what is -545050335 - -1?
-545050334
In base 4, what is -212230 - -1102111?
223221
In base 4, what is 123301210 - -300?
123302110
In base 13, what is -5 - 110a688?
-110a690
In base 3, what is 20 + -1220200101200?
-1220200101110
In base 15, what is 3309a + e0?
3318a
In base 15, what is -528158 - -17?
-528141
In base 3, what is -1111212120 - -21200000?
-1020012120
In base 3, what is 2 + -22200212110202?
-22200212110200
In base 12, what is -2 - -46932952?
46932950
In base 12, what is -441216 - 1?
-441217
In base 4, what is 1012 - -1123013113?
1123020131
In base 11, what is -5437aa23 - -4?
-5437aa1a
In base 6, what is -424420 - 11040?
-435500
In base 4, what is 320133013 + 101?
320133120
In base 5, what is -104 - -3000210?
3000101
In base 15, what is 7eebb47 - -4?
7eebb4b
In base 11, what is 2708 - -3360?
5a68
In base 2, what is -110110100000011110 - 110011?
-110110100001010001
In base 16, what is -19a05 + -143?
-19b48
In base 8, what is 445367 + 4?
445373
In base 16, what is -532329 + -3?
-53232c
In base 13, what is -21 - -6777b?
6775a
In base 9, what is -15 + 1223546?
1223531
In base 15, what is b3 + 567c4?
56887
In base 5, what is 24 - 11134340030?
-11134340001
In base 10, what is -63282 - -4?
-63278
In base 15, what is -128c + 208?
-1084
In base 9, what is -102215 + 6450?
-84655
In base 11, what is 0 - -1723630?
1723630
In base 5, what is -21202112 + 223?
-21201334
In base 9, what is -62488356 + 0?
-62488356
In base 2, what is 0 - 1011111001011101110100000?
-1011111001011101110100000
In base 7, what is -5 + -102365512?
-102365520
In base 7, what is -2 + 15242232?
15242230
In base 8, what is 4200 + -1270?
2710
In base 15, what is 0 + 24ea4d?
24ea4d
In base 12, what is -32a3 + 13558?
10275
In base 15, what is -3cc0678 - 3?
-3cc067b
In base 8, what is 117177740 + -1?
117177737
In base 11, what is -947 - 23015?
-23961
In base 16, what is 2e8e + 13c?
2fca
In base 7, what is -222 + 255242?
255020
In base 11, what is 249308a + 147?
2493226
In base 11, what is -4758637 + 33?
-4758604
In base 16, what is -3211623 + -11?
-3211634
In base 11, what is 13674 + 2a4?
13968
In base 8, what is 401 + 3635?
4236
In base 8, what is 5 + 3001257?
3001264
In base 16, what is -7b - -24ade?
24a63
In base 6, what is -11521 + -1313404?
-1325325
In base 14, what is -14c + 1aab7?
1a969
In base 16, what is -171e0 - -9e?
-17142
In base 2, what is -1010100110110010001110111101 - 1?
-1010100110110010001110111110
In base 2, what is 11101011011011101001010100000 + 1?
11101011011011101001010100001
In base 4, what is 121102211020 - 0?
121102211020
In base 13, what is 72cb777 + 1?
72cb778
In base 7, what is 2262 - -5234163?
5236455
In base 3, what is 222200000010 + 21121?
222200021201
In base 8, what is -522 - 137322?
-140044
In base 2, what is 100 + -1010010011111011111001101?
-1010010011111011111001001
In base 4, what is 1101123 - -120102?
1221231
In base 14, what is 109307 + 4?
10930b
In base 14, what is 20d6db + -a?
20d6d1
In base 16, what is -42dd - af?
-438c
In base 6, what is 444035111 + 0?
444035111
In base 13, what is -62 + -54183b?
-5418a0
In base 12, what is -84746a + -66?
-847514
In base 4, what is 203 - 10111013222?
-10111013013
In base 10, what is -212 + -5939?
-6151
In base 5, what is -2 - 133441420442?
-133441420444
In base 11, what is 746555 + -47?
746509
In base 7, what is 110 - -12312406?
12312516
In base 5, what is 13324014 - 14?
13324000
In base 8, what is -107263 - 4256?
-113541
In base 5, what is -423234431004 + -2?
-423234431011
In base 7, what is -5154603040 - 5?
-5154603045
In base 15, what is -37 + 66ec?
66b5
In base 14, what is a - 242c470?
-242c464
In base 3, what is 12 + 11121212012122?
11121212012211
In base 7, what is -21302532 - -110?
-21302422
In base 3, what is 20112 - 100122111222?
-100122021110
In base 10, what is -29051345 + -1?
-29051346
In base 12, what is -12 - 54497?
-544a9
In base 7, what is 421433414 - 3?
421433411
In base 2, what is -100 + -1101110101011001111110000110?
-1101110101011001111110001010
In base 16, what is 7f5 + 4aa2?
5297
In base 10, what is -26419 - 183?
-26602
In base 12, what is 14208 - 5aa9?
a31b
In base 16, what is 2ca + -1f458?
-1f18e
In base 16, what is -dd8 + -327f?
-4057
In base 4, what is 2012330321203 + 10?
2012330321213
In base 7, what is 32463106 - -6?
32463115
In base 11, what is -271 - -499?
228
In base 5, what is 2433 + 230031031?
230034014
In base 10, what is -36 + 417813?
417777
In base 13, what is -7 - 3943bb?
-3943c5
In base 4, what is 32321211320 + -11?
32321211303
In base 11, what is 1334489 - -5?
1334493
In base 2, what is -1010011111101 + -11001000101100?
-100011100101001
In base 5, what is -22414301 + -212?
-22420013
In base 8, what is -11237574 - -3?
-11237571
In base 5, what is -12433 - 1314423?
-1332411
In base 5, what is 1331303 - 300213?
1031040
In base 15, what is 0 + -414377?
-414377
In base 6, what is -32040 + 230055?
154015
In base 4, what is -212111232210000 + 1?
-212111232203333
In base 15, what is 7528 + -1151?
63c7
In base 2, what is -101000101000011101 - -110011?
-101000100111101010
In base 6, what is -1230014 + -13104?
-1243122
In base 10, what is 27735 + -280?
27455
In base 4, what is 31033111032220 - 11?
31033111032203
In base 10, what is 38390 + -766?
37624
In base 2, what is -100101001010 + 110111011001?
10010001111
In base 15, what is -441d52 - -5?
-441d4c
In base 9, what is 3 + -36175386?
-36175383
In base 3, what is -2121011200221221 + -2?
-2121011200222000
In base 5, what is -1014443342 + 3?
-1014443334
In base 8, what is -3 + -4522475?
-4522500
In base 11, what is 323833a - 7?
3238333
In base 4, what is 2 + -1020323302131?
-1020323302123
In base 6, what is 5330 - 15132?
-5402
In base 10, what is 1209685 - 454?
1209231
In base 13, what is -a38c382 - 4?
-a38c386
In base 14, what is -6 + 68468b?
684685
In base 3, what is -110 - 1111211202201?
-1111211210011
In base 8, what is -7 - 7226634?
-7226643
In base 2, what is 101110001000101111110001011 - -100?
101110001000101111110001111
In base 16, what is -6d - -8bb43b?
8bb3ce
In base 7, what is 4165 - 2154456?
-2150261
In base 6, what is 1244530 + -3100?
1241430
In base 9, what is 11845038 - -41?
11845080
In base 13, what is -2 + -247a09a?
-247a09c
In base 2, what is 1111100011011 + -1010000011001?
101100000010
In base 13, what is 3c3c61 + -19?
3c3c45
In base 11, what is -11366 - 4aa?
-11865
In base 14, what is -34dd7a + 8?
-34dd72
In base 5, what is 2302214004 - 0?
2302214004
In base 11, what is 105184 + -26a?
104a15
In base 7, what is -234435343 + -44?
-234435420
In base 7, what is 1666 + 31101?
33100
In base 13, what is -684b130 - -4?
-684b129
In base 4, what is -10 - 231203011202?
-231203011212
In base 10, what is -199233 - -2241?
-196992
In base 16, what is dba1 + -28?
db79
In base 11, what is -3 + 89451065?
89451062
In base 14, what is 334 + -36120?
-35bca
In base 7, what is -3530514 + -56?
-3530603
In base 2, what is -10100110101000 - 10000100010001?
-100101010111001
In base 10, what is -392 - -129277?
128885
In base 7, what is -3 - -1355421004?
1355421001
In base 9, what is -1202 + -484668?
-485871
In base 10, what is -27 + 25484173?
25484146
In base 4, what is 1123003301233 + 13?
1123003301312
In base 14, what is -5673 - -3?
-5670
In base 6, what is 0 - -1555145512?
1555145512
In base 13, what is -1a9051ac - 2?
-1a9051b1
In base 3, what is -11101101201 + -100020?
-11101201221
In base 16, what is -79 - c9291?
-c930a
In base 10, what is -2 + 4283268?
4283266
In base 9, what is -3056226 + 201?
-3056025
In base 14, what is -87873d9 + 4?
-87873d5
In base 16, what is -838c0 + b?
-838b5
In base 16, what is ef8c - -574?
f500
In base 5, what is 14333201 + -10?
14333141
In base 2, what is 1001 - 11110110000110010011011?
-11110110000110010010010
In base 9, what is 5661704 - 0?
5661704
In base 6, what is -25012423013 - -2?
-25012423011
In base 8, what is -36 + 774346?
774310
In base 12, what is 3846518 + -25?
38